
5
What is the hundreds digit of 4454?
4
What is the hundreds digit of 348?
3
What is the tens digit of 11103?
0
What is the tens digit of 14840?
4
What is the tens digit of 3716?
1
What is the hundreds digit of 454?
4
What is the hundreds digit of 101930?
9
What is the units digit of 19028?
8
What is the units digit of 4159?
9
What is the units digit of 564?
4
What is the tens digit of 27831?
3
What is the ten thousands digit of 26725?
2
What is the units digit of 343?
3
What is the units digit of 25019?
9
What is the units digit of 314?
4
What is the tens digit of 254?
5
What is the units digit of 996?
6
What is the units digit of 1697?
7
What is the ten thousands digit of 12707?
1
What is the thousands digit of 2206?
2
What is the tens digit of 84?
8
What is the tens digit of 585?
8
What is the units digit of 92869?
9
What is the hundreds digit of 7195?
1
What is the thousands digit of 53145?
3
What is the tens digit of 11666?
6
What is the hundreds digit of 30856?
8
What is the units digit of 1549?
9
What is the hundreds digit of 60327?
3
What is the units digit of 47231?
1
What is the units digit of 2599?
9
What is the hundreds digit of 19823?
8
What is the ten thousands digit of 82038?
8
What is the units digit of 45261?
1
What is the hundreds digit of 65602?
6
What is the units digit of 5004?
4
What is the hundreds digit of 5763?
7
What is the tens digit of 6372?
7
What is the hundreds digit of 180832?
8
What is the thousands digit of 9750?
9
What is the thousands digit of 5185?
5
What is the tens digit of 3574?
7
What is the units digit of 44984?
4
What is the thousands digit of 44616?
4
What is the thousands digit of 1727?
1
What is the thousands digit of 2391?
2
What is the hundreds digit of 16431?
4
What is the hundreds digit of 15264?
2
What is the hundreds digit of 10694?
6
What is the hundreds digit of 1719?
7
What is the units digit of 1916?
6
What is the units digit of 132266?
6
What is the units digit of 82128?
8
What is the thousands digit of 4689?
4
What is the hundreds digit of 366?
3
What is the thousands digit of 109701?
9
What is the tens digit of 3438?
3
What is the tens digit of 864?
6
What is the units digit of 17301?
1
What is the thousands digit of 11109?
1
What is the thousands digit of 4940?
4
What is the thousands digit of 15815?
5
What is the tens digit of 1404?
0
What is the units digit of 9777?
7
What is the units digit of 670?
0
What is the tens digit of 2403?
0
What is the units digit of 272?
2
What is the thousands digit of 9707?
9
What is the units digit of 4460?
0
What is the thousands digit of 23033?
3
What is the units digit of 5858?
8
What is the thousands digit of 3563?
3
What is the ten thousands digit of 16701?
1
What is the hundreds digit of 10543?
5
What is the units digit of 28505?
5
What is the thousands digit of 59568?
9
What is the tens digit of 428?
2
What is the units digit of 93796?
6
What is the ten thousands digit of 37829?
3
What is the tens digit of 547?
4
What is the thousands digit of 9499?
9
What is the ten thousands digit of 12650?
1
What is the tens digit of 1233?
3
What is the thousands digit of 25158?
5
What is the tens digit of 1551?
5
What is the units digit of 15398?
8
What is the tens digit of 34594?
9
What is the thousands digit of 1415?
1
What is the hundreds digit of 1099?
0
What is the tens digit of 12363?
6
What is the tens digit of 10140?
4
What is the thousands digit of 52112?
2
What is the tens digit of 39042?
4
What is the tens digit of 10298?
9
What is the thousands digit of 37062?
7
What is the tens digit of 5184?
8
What is the thousands digit of 1037?
1
What is the ten thousands digit of 19364?
1
What is the hundreds digit of 271?
2
What is the tens digit of 62414?
1
What is the tens digit of 1040?
4
What is the tens digit of 93574?
7
What is the units digit of 150648?
8
What is the hundreds digit of 30758?
7
What is the tens digit of 55?
5
What is the thousands digit of 36309?
6
What is the tens digit of 2213?
1
What is the ten thousands digit of 18501?
1
What is the units digit of 3170?
0
What is the ten thousands digit of 92119?
9
What is the tens digit of 10945?
4
What is the hundreds digit of 17168?
1
What is the tens digit of 3073?
7
What is the tens digit of 19437?
3
What is the hundreds digit of 216?
2
What is the thousands digit of 11571?
1
What is the ten thousands digit of 15479?
1
What is the units digit of 1101?
1
What is the units digit of 5090?
0
What is the tens digit of 3068?
6
What is the tens digit of 1156?
5
What is the thousands digit of 26595?
6
What is the thousands digit of 10357?
0
What is the hundreds digit of 7088?
0
What is the units digit of 29290?
0
What is the tens digit of 11543?
4
What is the hundreds digit of 39892?
8
What is the thousands digit of 9024?
9
What is the thousands digit of 24245?
4
What is the tens digit of 3655?
5
What is the thousands digit of 11860?
1
What is the units digit of 2498?
8
What is the tens digit of 1240?
4
What is the hundreds digit of 1461?
4
What is the thousands digit of 1120?
1
What is the hundreds digit of 363?
3
What is the thousands digit of 66921?
6
What is the thousands digit of 3090?
3
What is the units digit of 1422?
2
What is the tens digit of 26358?
5
What is the tens digit of 1638?
3
What is the hundreds digit of 568?
5
What is the ten thousands digit of 10412?
1
What is the tens digit of 20327?
2
What is the units digit of 4808?
8
What is the units digit of 19?
9
What is the hundreds digit of 344?
3
What is the hundreds digit of 9568?
5
What is the ten thousands digit of 37580?
3
What is the thousands digit of 25018?
5
What is the tens digit of 95470?
7
What is the hundreds digit of 28263?
2
What is the hundreds digit of 19222?
2
What is the thousands digit of 16927?
6
What is the units digit of 704?
4
What is the units digit of 428?
8
What is the thousands digit of 35065?
5
What is the units digit of 2121?
1
What is the hundreds digit of 12183?
1
What is the thousands digit of 24553?
4
What is the thousands digit of 68801?
8
What is the tens digit of 5096?
9
What is the units digit of 518?
8
What is the tens digit of 33808?
0
What is the hundreds digit of 1728?
7
What is the units digit of 921?
1
What is the tens digit of 2981?
8
What is the ten thousands digit of 54793?
5
What is the tens digit of 2074?
7
What is the units digit of 85394?
4
What is the tens digit of 28724?
2
What is the hundreds digit of 7881?
8
What is the hundreds digit of 561?
5
What is the ten thousands digit of 120821?
2
What is the hundreds digit of 6468?
4
What is the hundreds digit of 4022?
0
What is the ten thousands digit of 109404?
0
What is the tens digit of 31469?
6
What is the thousands digit of 30975?
0
What is the ten thousands digit of 35649?
3
What is the thousands digit of 6688?
6
What is the thousands digit of 4357?
4
What is the units digit of 7787?
7
What is the tens digit of 346?
4
What is the ten thousands digit of 62669?
6
What is the ten thousands digit of 51633?
5
What is the ten thousands digit of 62903?
6
What is the tens digit of 5426?
2
What is the units digit of 726?
6
What is the thousands digit of 7476?
7
What is the ten thousands digit of 32361?
3
What is the thousands digit of 57177?
7
What is the tens digit of 7308?
0
What is the tens digit of 7645?
4
What is the units digit of 13373?
3
What is the tens digit of 4032?
3
What is the ten thousands digit of 33549?
3
What is the tens digit of 1655?
5
What is the hundreds digit of 2217?
2
What is the hundreds digit of 164728?
7
What is the tens digit of 19001?
0
What is the units digit of 1986?
6
What is the thousands digit of 4630?
4
What is the hundreds digit of 1264?
2
What is the units digit of 1544?
4
What is the units digit of 2253?
3
What is the ten thousands digit of 24753?
2
What is the units digit of 6833?
3
What is the tens digit of 1211?
1
What is the hundreds digit of 284?
2
What is the thousands digit of 8230?
8
What is the tens digit of 22646?
4
What is the tens digit of 1368?
6
What is the thousands digit of 2430?
2
What is the thousands digit of 27972?
7
What is the hundreds digit of 8579?
5
What is the units digit of 3846?
6
What is the hundreds digit of 4793?
7
What is the hundreds digit of 364?
3
What is the ten